49
Calculate 40 + -5 + -8 + -6 + 0 - -52.
73
What is the value of -27 + 36 + (16 - (-2 - -3)) - 3?
21
Calculate (-6 + -5 - (1 + 1) - -43) + -9.
21
Calculate 79 - 132 - (30 + -66).
-17
Calculate -6 - ((-11 - -2) + -41 + 51).
-7
Evaluate 83 + 16 - 52 - (34 + -23).
36
What is the value of -37 + -1 + (-15 + 2 - (406 - 410))?
-47
What is the value of 12 + (84 - (-25 - (-17 - -2)))?
106
Evaluate -18 - -17 - (6 - 22 - -14).
1
Evaluate (-69 - (-7 - 5)) + (3 - (7 + -3 + -2)).
-56
(-1 - 0 - -19) + -968 + 950
0
What is the value of (-35 - -71) + -39 + -1 + -4 + 22?
14
What is 7 + 16 + -37 + 25 + (-1 - 101)?
-91
What is the value of -139 + 139 + (-129 - 2) + 7 + -14 + 9?
-129
What is the value of 3 + -4 + 13 + 1 + (-52 + -4 - 25)?
-68
Evaluate 15 - (22 + -17 + 26 + 12).
-28
Calculate -2 + 11 + -1 - (34 - (15 - (30 + -39))).
-2
What is 3 - (3 + -8 + (21 + -1 - 29))?
17
-12 + (-11 + 13 + 1 - 16 - -59)
34
-444 - -427 - (-6 + -3)
-8
What is -264 + 255 + (-14 - 0) + 77?
54
What is the value of 34462 + -34466 + (0 - 0) + 71 + -2?
65
What is -29 - (-76 + 77) - -88?
58
Evaluate 24 - (19 + 9 + -12 + 30).
-22
What is 6 + (-9 - (-3 - -7) - (-18 + 1)) + -31?
-21
Evaluate -2 + 17 + (-20 - -9) + (-7 - 40) + 7.
-36
What is 8 + -1 + 357 + -407?
-43
What is 86 + 125 + -270 - 34?
-93
Evaluate -5 + (-30 - 11) - -45 - 133.
-134
-40 + 154 + (2 - 29)
87
Calculate -23 - (-25 + 15 + -46 + -22).
55
Evaluate (1 - -14) + (4 - (14 + -10)) + 4.
19
Calculate -3 + -1 + -14 + (387 - 409).
-40
181 + -81 + -167 + 94
27
What is 3 + -56 + 74 - -32 - (1 - 3)?
55
What is the value of (-123 - -78 - -23) + -77?
-99
Calculate (11 - (9 + 267)) + 145.
-120
-12 - (-9 - (-20 - (20 + -17)))
-26
What is the value of -389 + 413 + (1 - -31) + (3 - (8 + -3))?
54
What is -76 + 102 + -8 + 9 + -10 + 0?
17
Evaluate -79 - (-73 + 42) - -28.
-20
Evaluate -35 + (-63 + 30 - (-29 - 114)).
75
0 + (36 - 20) - 30 - 27
-41
What is the value of (27 - (95 + (-21 - -25))) + 19?
-53
Evaluate 14 + 4 + (18 + -13 - -9) + -117.
-85
What is -4 + -52 - 0 - (-60 - -40 - -15)?
-51
What is the value of -53 - -8 - (-9 - (-1 - 18))?
-55
-100 + (31 - (27 - 49 - -64))
-111
Evaluate (-11 - -4 - 12 - -4) + -26.
-41
What is (-13 + -15 - -41) + (32 - (5 + 0))?
40
Evaluate (88 - (-18 - 84)) + -105.
85
What is the value of (67 - 252) + 30 + 46?
-109
What is 5052 - 5065 - (0 + -14)?
1
What is (15 - 7) + (-3 - (0 + -1 - -1)) + 37?
42
59 - (8 + -4 + 3 + (-38 - (7 + -24)))
73
What is -1 - -13 - (0 + 1) - (31 - (34 - 60))?
-46
What is the value of -65 - (4 - (78 - 55))?
-46
Evaluate 8 + -1 + 3 - (-59 + 42) - -1.
28
What is the value of (-2 - (47 + 3)) + -151 + 143 + -18?
-78
What is 8 - -2 - 3 - 9 - -13 - 2?
9
What is the value of -175 + 193 - (-5 + (1 + -54 - -3))?
73
275 + (-123 - 151) + (0 - 3 - (-2 + -58))
58
What is -6 + (-2 - -2) + 3 + -53 - 9?
-65
What is 14 + 1 - (60 + -73) - ((0 - -5) + 0)?
23
Calculate -20 - -28 - -15 - (-17 + -2).
42
(0 + -1 - (4 + -79)) + (30 - 8) + -7
89
What is the value of 1 + -84 - (1 + (10 - 0) + 992 + -995)?
-91
Evaluate (-66 - (34 - 101)) + (4 - -11).
16
What is the value of 13 - (8 + -2 + (-5 - 21) + 19)?
14
Evaluate -32 + (-14 - -62 - 85 - -9).
-60
(-4 - (-41 + -2)) + 12
51
Calculate -7 - (-61 - -23) - (4 + -1 - 11).
39
27 - (11 - (-3 + -1)) - (75 - -10)
-73
Evaluate (-4 - (8 + 14 + -19)) + 1 + -4 - 41.
-51
What is -1197 - -1122 - (-2 + -160)?
87
(90 - (7 - -74)) + -78
-69
Evaluate (-113 - -55) + -49 - (1 + -2 + -2).
-104
Calculate -128 + 133 - (-8 - (8 + -42)).
-21
What is -48 + 27 - (-41 - -25)?
-5
What is the value of (-55 - (-51 - -41)) + 0?
-45
Evaluate -14 + -4 + 74 + -50.
6
(6 - 17) + 27 + (-76 - -33)
-27
What is the value of -2 - (-6 + -1 + -12 + 14 + -1)?
4
Calculate -630 + 618 + 5 + 6 + -4 + -3 + 51.
43
Evaluate (-1 - (-36 + 17 + 19 + -12)) + 29.
40
-29 + 0 + -11987 + 12059
43
7 + -7 + -6 + 1 + 0 + -44
-49
Calculate 17 + (-8 + -18 - -9).
0
What is the value of 21 + -28 + 14 + -9 + 12?
10
What is the value of -7 + (-45 - -11) + 20 + -51?
-72
Evaluate -7 + 20 + -6 + 12 + -19 - -20.
20
What is the value of -106 - (25 + 48 + -178)?
-1
What is the value of -106 - ((26 - 2) + -94)?
-36
What is 6 + (-1 - 9) + 28?
24
What is the value of (40 - (13 - 2)) + -48 + 117?
98
What is 25 + (-8 - -2) + 3 - (67 + -99 - -27)?
27
Calculate -23 - (7 + -38) - (4 + -19 - -3).
20
Evaluate (1 - -10) + -14 + 17 - (72 - 21).
-37
What is the value of -61 - (-64 - 16) - -10?
29
Calculate 47 + (-31 - -21 - 90).
-53
Calculate -6 + (-2 + 4 + 5 - 11) - 26 - 7.
-43
-13 + 36 + -10 + -20 + -1 + 16
8
Calculate (541 - 535) + 0 + 56 - -33.
95
-126 - (1 + -18 + -3 + 1179 + -1177)
-108
Calculate -2 + -4 - (-1 + 3) - (-68 - (-3 + -37)).
20
24 - (52 + -11) - -11
-6
Calculate 582 - 603 - (3 - 61).
37
Calculate 7 - (44 - 12) - (24 - -1).
-50
Evaluate 48 + (-4 - (-42 + 48)).
38
What is -19 - (13 + 1 + -20 + (1 - 1) + 11)?
-24
Evaluate (-118 - 13) + 18 - -66.
-47
-1 + 0 - -77 - (33 - (-51 - (-34 - 44)))
70
Evaluate (-18 - -49 - 54) + 60.
37
What is the value of 3 + -6 + (309 - 299 - (18 - (-2 - -2)))?
-11
What is -25 - ((2 - -6) + -22 + -9 + 14 + 8)?
-24
What is the value of -19 - (-70 + 21 + 13 + -16) - 17?
16
Evaluate 5 + -15 - (20 + (5 - 18) + -21).
4
What is (3 - 2) + -30 + -6 + (2 - (-25 - -31))?
-39
Evaluate 13 - (-23 + 6 + -21 + 18).
33
What is 18 + -6 + 3 + 0 - (81 + -55 - 89)?
78
(-1304 - -1329) + (11 - (2 - 5))
39
(-20 - -6 - ((7 - 23) + -43)) + 14
59
What is (6 - -23) + 397 + -435?
-9
(75 - (-7 - -21)) + -6 + 12 + -18
49
What is (-10 - 0 - (-36 - (51 + -59))) + 35?
53
What is the value of -8 + 33 - (-372 - -364)?
33
Calculate 2 - -4 - (18 - 13 - (-8 + -44 + 3)).
-48
Evaluate -77 - -4 - (1375 + -1455).
7
Calculate -3112 - -3105 - (-34 + 0 - 0).
27
What is the value of (13 - 6 - 4 - -2) + (-3 - -10)?
12
Evaluate (-72 - -82) + 64 - 69.
5
What is the value of 29 + -4 - ((6 - 8) + 114)?
-87
(-57 - (-82 - -35)) + 20 + 0
10
What is the value of (4 - 1 - -3 - 0) + (33 - (24 - 15))?
30
What is 0 + 111 - (-205 + 180 - -29)?
107
What is the value of 67 + -284 - -23 - -101?
-93
What is 44 + (51 + -120 - 80)?
-105
What is 13 + 9 + (17 - 82) - 15?
-58
Calculate (2 - (-2 - -1) - (9442 - 9449)) + -61.
-51
What is the value of (-22 - (2 + -21) - -7) + -12 + (0 - 90)?
-98
What is (0 - 45) + -876 + 885?
-36
(-2 - 1) + (28 - -9) + -32 - 4 - -23
21
What is -86 - -1 - (4642 + -4637)?
-90
-79 + 95 + 9 + -123
-98
What is the value of 0 + 0 + (-3 - -6) - (27 + -25 + -11)?
12
-4000 + 3958 - (-10 - (-2 + 1))
-33
What is 19 + -3 - (694 - 698)?
20
Calculate (3 - 4) + 10 - (20 + (-8 - (19 - 12))).
4
Calculate -30 + (7 - (7 - (15 - (-13 - -12)))).
-14
-25 + (23 - -19 - 1)
16
Calculate -4 - -11 - (-25 - -42 - -16).
-26
(-2 + 47 - (-238 - -278)) + (3 + -1 - 58)
-51
What is the value of 24 - 27 - (-5 - (2 + -16 - -3))?
-9
Evaluate -73 + (296 - (108 + -13)).
128
Calculate -120 + (147 - 61) - 11.
-45
Evaluate 1 + -27 - (-10 + 27 + 15 + -21).
-37
55 + 41 + -54 + (-4 + 8 - 3)
43
Calculate (-40 - -43 - -9) + -34.
-22
What is the value of (77 - 57) + 113 + -132?
1
14 - (-24 + 12 + 33)
-7
Evaluate 1421 + -1365 + -2 + -10.
44
Calculate 31 - 0 - 1 - (12 + (-16 - 3) + -1).
38
What is (1 - (7 + -9)) + -9 + (-2 - -3)?
-5
What is the value of -75 + 56 + -3 + 6 - -2?
-14
-61200 + 61257 + (1 + 0 - 0) + -2
56
What is the value of (-85 - -11) + (7 - -36)?
-31
What is -53 + (-27 - 7 - -38)?
-49
(-4 - (0 + 4) - 1) + (59 - 85 - -7)
-28
What is the value of -7 - ((52 - 0) + 17 + -7 + -13 + 0)?
-56
What is the value of 1 + -5 + -22 + 1605 + -1648?
-69
What is the value of (1 - -24) + 0 + 10 + (246 - 267)?
14
(-3 - -2) + -30 + (-196 - -17 - -185)
-25
What is the value of -1 + -38 + (0 - -23 - 10)?
-26
Calculate -106 - (57 + -16 - 81).
-66
Evaluate 2542 + -2545 + (-3 - 11).
-17
(28 - (-109 + 140)) + 40
37
-32 - (29 + (34 - 7) + -32)
-56
Evaluate 0 - 19 - (72 + -94).
3
Evaluate (-4 + 9 - 4) + -10 + 4 - -1 - -44.
40
Calculate -55 - 2 - (301 + -403).
45
23 - ((78 + -62 - (0 - -1)) + -27)
35
What is the value of (13 - (3 - -29) - -31) + (7 - 3)?
16
Calculate -42 + (83 - (-39 - (-80 + 31))).
31
What is the value of -9 + 5 + 7 - 11 - ((134 - -10) + -11)?
-141
(6 - (-18 - -8)) + 9 - 4
21
Evaluate -2088 - -2064 - (1 - 20).
-5
What is the value of (-3 - -22 - (15 + 1)) + 13?
16
What is 6 + -6 -